27?
12804
Calculate the remainder when 2116629 is divided by 84649.
404
Calculate the remainder when 134710 is divided by 32861.
3266
Calculate the remainder when 4656215 is divided by 1684.
1639
What is the remainder when 199890 is divided by 98953?
1984
What is the remainder when 398087 is divided by 1243?
327
What is the remainder when 38641749 is divided by 7?
6
What is the remainder when 3854510 is divided by 864?
206
Calculate the remainder when 134765 is divided by 2541.
92
Calculate the remainder when 182666 is divided by 37.
34
What is the remainder when 3939947 is divided by 79?
59
What is the remainder when 18577056 is divided by 1577?
1573
Calculate the remainder when 63512335 is divided by 5497.
5494
Calculate the remainder when 249086 is divided by 17419.
5220
What is the remainder when 871229 is divided by 124461?
2
Calculate the remainder when 39056 is divided by 6464.
272
Calculate the remainder when 5059850 is divided by 88769.
17
What is the remainder when 83442 is divided by 122?
116
What is the remainder when 2469670 is divided by 617417?
2
What is the remainder when 2124616 is divided by 2124603?
13
What is the remainder when 3315 is divided by 2333?
982
Calculate the remainder when 190876 is divided by 11929.
12
What is the remainder when 7281176 is divided by 108674?
18
What is the remainder when 3651240 is divided by 244?
24
Calculate the remainder when 3261476 is divided by 10626.
9920
Calculate the remainder when 1545008 is divided by 55.
3
What is the remainder when 10832127 is divided by 645?
642
Calculate the remainder when 3367219 is divided by 7568.
7027
What is the remainder when 94352812 is divided by 5?
2
Calculate the remainder when 8905736 is divided by 25.
11
Calculate the remainder when 1577381 is divided by 546.
533
What is the remainder when 5387291 is divided by 2983?
2976
Calculate the remainder when 25298 is divided by 24370.
928
Calculate the remainder when 113447595 is divided by 11.
8
What is the remainder when 75021956 is divided by 15?
11
What is the remainder when 1731419 is divided by 1886?
71
Calculate the remainder when 91381 is divided by 974.
799
What is the remainder when 142702 is divided by 4585?
567
Calculate the remainder when 1154759 is divided by 20995.
34
Calculate the remainder when 20935098 is divided by 2503.
6
Calculate the remainder when 81921 is divided by 55.
26
Calculate the remainder when 97138893 is divided by 1287.
1281
What is the remainder when 48336 is divided by 4033?
3973
What is the remainder when 647132 is divided by 74?
2
What is the remainder when 48030311 is divided by 132?
131
Calculate the remainder when 1099414 is divided by 19.
17
What is the remainder when 443023983 is divided by 5072?
5071
Calculate the remainder when 30960 is divided by 342.
180
Calculate the remainder when 13562341 is divided by 6781161.
19
What is the remainder when 733988 is divided by 108?
20
Calculate the remainder when 8157096 is divided by 1151.
1110
What is the remainder when 4214398 is divided by 600?
598
Calculate the remainder when 41466 is divided by 6585.
1956
Calculate the remainder when 6206629 is divided by 177330.
79
What is the remainder when 163620151 is divided by 81810060?
31
Calculate the remainder when 2725794 is divided by 4200.
4194
Calculate the remainder when 1617491 is divided by 2301.
2189
Calculate the remainder when 307120 is divided by 113.
99
Calculate the remainder when 80248552 is divided by 31.
30
Calculate the remainder when 79628 is divided by 543.
350
What is the remainder when 1659571 is divided by 681?
655
What is the remainder when 1916728 is divided by 378?
268
What is the remainder when 41058327 is divided by 119?
114
What is the remainder when 2228835 is divided by 5517?
5484
What is the remainder when 23076040 is divided by 642?
634
Calculate the remainder when 31749471 is divided by 520483.
8
Calculate the remainder when 186395441 is divided by 852.
845
What is the remainder when 4762395 is divided by 64?
27
Calculate the remainder when 30682137 is divided by 10227368.
33
Calculate the remainder when 39227 is divided by 36585.
2642
Calculate the remainder when 233608 is divided by 233478.
130
What is the remainder when 745141 is divided by 76?
37
What is the remainder when 6467642 is divided by 134?
132
What is the remainder when 419478 is divided by 13982?
18
What is the remainder when 172107776 is divided by 17?
14
What is the remainder when 541741 is divided by 3206?
3133
What is the remainder when 8658 is divided by 8192?
466
What is the remainder when 56982471 is divided by 18994151?
18
Calculate the remainder when 4962548 is divided by 992508.
8
Calculate the remainder when 236481378 is divided by 543.
534
What is the remainder when 4065801 is divided by 19?
10
Calculate the remainder when 42295735 is divided by 518.
517
What is the remainder when 1588508 is divided by 668?
4
What is the remainder when 175617392 is divided by 23?
18
What is the remainder when 470149 is divided by 78268?
541
What is the remainder when 158915 is divided by 31783?
0
Calculate the remainder when 48555 is divided by 333.
270
Calculate the remainder when 58328 is divided by 95.
93
What is the remainder when 180505888 is divided by 22167?
7
What is the remainder when 77243392 is divided by 11034769?
9
What is the remainder when 629866 is divided by 1452?
1150
Calculate the remainder when 1763064 is divided by 2449.
2233
What is the remainder when 47416198 is divided by 46?
42
Calculate the remainder when 60589 is divided by 3036.
2905
What is the remainder when 572012 is divided by 3878?
1946
What is the remainder when 296749 is divided by 97400?
4549
What is the remainder when 62761573 is divided by 303?
274
Calculate the remainder when 11949 is divided by 758.
579
What is the remainder when 1261943 is divided by 86?
65
Calculate the remainder when 67673877 is divided by 1620.
1617
What is the remainder when 16181044 is divided by 8123?
28
Calculate the remainder when 36389070 is divided by 1690.
1680
Calculate the remainder when 3575336 is divided by 48976.
88
What is the remainder when 56705 is divided by 1361?
904
Calculate the remainder when 451367 is divided by 40819.
2358
What is the remainder when 65510 is divided by 30380?
4750
What is the remainder when 182811 is divided by 1179?
66
What is the remainder when 76519714 is divided by 158?
156
What is the remainder when 4691556 is divided by 1563831?
63
What is the remainder when 94061565 is divided by 93?
63
Calculate the remainder when 1437069 is divided by 39.
36
Calculate the remainder when 5816767 is divided by 68432.
47
Calculate the remainder when 38246 is divided by 1199.
1077
What is the remainder when 196079107 is divided by 1270?
1267
Calculate the remainder when 13451450 is divided by 314.
4
What is the remainder when 7775007 is divided by 45?
42
What is the remainder when 61888 is divided by 9386?
5572
What is the remainder when 224171 is divided by 11?
2
What is the remainder when 14947 is divided by 14146?
801
Calculate the remainder when 119228 is divided by 119170.
58
What is the remainder when 14105695 is divided by 204430?
25
Calculate the remainder when 2663454 is divided by 52224.
30
Calculate the remainder when 255408 is divided by 127211.
986
Calculate the remainder when 15159882 is divided by 76565.
12
Calculate the remainder when 392415 is divided by 2003.
1830
What is the remainder when 17008290 is divided by 891?
882
Calculate the remainder when 260141478 is divided by 1783.
1778
What is the remainder when 38220 is divided by 1409?
177
Calculate the remainder when 21535 is divided by 20964.
571
What is the remainder when 76392 is divided by 1862?
50
What is the remainder when 11482 is divided by 263?
173
Calculate the remainder when 60208363 is divided by 345.
343
What is the remainder when 11723541 is divided by 4429?
4407
What is the remainder when 118970 is divided by 2702?
82
Calculate the remainder when 1960836 is divided by 745.
741
Calculate the remainder when 5817931 is divided by 1833.
1822
Calculate the remainder when 424685 is divided by 38587.
228
Calculate the remainder when 38062 is divided by 37932.
130
What is the remainder when 40510 is divided by 479?
2